210
In base 12, what is -241883 + -103?
-241986
In base 5, what is -310311 - 23303?
-334114
In base 6, what is -233121 - 234?
-233355
In base 14, what is 5 + -3ad84c?
-3ad847
In base 15, what is 27b299 - -30?
27b2c9
In base 15, what is 26284 + 26?
262aa
In base 16, what is 25f - -b2a?
d89
In base 10, what is 30 + 173261?
173291
In base 13, what is 1 + -a5a27c2?
-a5a27c1
In base 2, what is 101010001000110010110111101 + 1?
101010001000110010110111110
In base 8, what is -4460 - 372?
-5052
In base 11, what is 61952414 + -5?
6195240a
In base 13, what is 0 - -138b761?
138b761
In base 11, what is 7a8045 - 84?
7a7a71
In base 9, what is 456807 + 773?
457681
In base 6, what is 214423 - 1423?
213000
In base 2, what is -1111100000100001111111010101 - -100?
-1111100000100001111111010001
In base 7, what is -46226 + -3243?
-52502
In base 7, what is 1 + 64620153?
64620154
In base 6, what is -24 + -212542203?
-212542231
In base 5, what is 121204221 + 2?
121204223
In base 8, what is 37 - 171732?
-171673
In base 12, what is -6 - 462651b?
-4626525
In base 6, what is -323051034 - -2?
-323051032
In base 12, what is -403 + -10560?
-10963
In base 7, what is 2452 - 1404536?
-1402054
In base 7, what is 11466 - 114036?
-102240
In base 15, what is -11eb93d2 + -4?
-11eb93d6
In base 9, what is -527385 + 1621?
-525664
In base 2, what is 111 - 1101110000001000010?
-1101110000000111011
In base 10, what is -3 + 6066751?
6066748
In base 8, what is 73531 + 7111?
102642
In base 7, what is 1146 + 63136?
64315
In base 9, what is -164 - 134268?
-134443
In base 14, what is -7d7db0 - 1?
-7d7db1
In base 2, what is -100 + 1110010001001110100010?
1110010001001110011110
In base 7, what is 2 + 663401636?
663401641
In base 4, what is -1333 - 1100213113?
-1100221112
In base 16, what is -4d1 - -da0?
8cf
In base 4, what is -321 + -132111313101?
-132111320022
In base 15, what is -601b + -5d1?
-65ec
In base 11, what is -11299 + -33736?
-44a24
In base 14, what is -455 - 3?
-458
In base 3, what is -2112 + -1112011121111?
-1112011201000
In base 3, what is -22011210222020 - -11?
-22011210222002
In base 4, what is 11212303321013 + 10?
11212303321023
In base 15, what is 1 + 9d58c?
9d58d
In base 11, what is 8 - 246a2176?
-246a2169
In base 5, what is -10 + 21310342?
21310332
In base 4, what is -2201210322 - -1010?
-2201203312
In base 11, what is 3 - -1075561?
1075564
In base 12, what is -1b + 32847?
32828
In base 6, what is 315231 - -3425?
323100
In base 12, what is 82 + -9976?
-98b4
In base 11, what is 4832 + 1360?
6092
In base 4, what is -20011113 + -12313?
-20030032
In base 10, what is 2 + 17638274?
17638276
In base 11, what is 2790a5 - a80?
278125
In base 2, what is 1100111111110101101111 + -101?
1100111111110101101010
In base 11, what is -28 + 1627038?
1627010
In base 16, what is -40cc + -370?
-443c
In base 2, what is -1000 - -101101111001011111001?
101101111001011110001
In base 5, what is -241023240 + 303?
-241022432
In base 9, what is -7 - 17316518?
-17316526
In base 9, what is 10531 - -12446?
23077
In base 6, what is -4150 + 3420?
-330
In base 11, what is 995 + 992?
1877
In base 9, what is 5 - 13521734?
-13521728
In base 15, what is 2bd119 - 2?
2bd117
In base 15, what is 6ac3165 - -1?
6ac3166
In base 10, what is 7672 - -12039?
19711
In base 7, what is -1142 + 14642?
13500
In base 5, what is 2 + -23444043024?
-23444043022
In base 11, what is 4138 + 2a47?
7084
In base 15, what is 10 + -128a5?
-12895
In base 16, what is eb156b + 1?
eb156c
In base 3, what is -100112120 + 1120110?
-21222010
In base 8, what is 74 - -4527747?
4530043
In base 5, what is 10421034 + 33441?
11010030
In base 10, what is 58625 - 5068?
53557
In base 8, what is 15 - -3567660?
3567675
In base 10, what is -56313476 + 2?
-56313474
In base 11, what is 16 - 439062?
-439047
In base 3, what is 100200122 + -21210?
100101212
In base 15, what is 27 - -570e6b?
570e93
In base 7, what is -252 - 221062?
-221344
In base 16, what is -97bc - 1e?
-97da
In base 12, what is -41 + -34a76?
-34ab7
In base 9, what is -1385 - -1157?
-227
In base 14, what is -2cc + 2212?
1d24
In base 12, what is -26430b89 - 3?
-26430b90
In base 15, what is -4 - 205bc597?
-205bc59b
In base 8, what is -3 + -13653702?
-13653705
In base 2, what is -1 + 101110111010101100011101?
101110111010101100011100
In base 7, what is -34231151 + 2?
-34231146
In base 7, what is 10 - 11140634?
-11140624
In base 11, what is 2054 + -336?
1819
In base 12, what is -25044 - -1313?
-23931
In base 15, what is -de - 19413?
-19502
In base 3, what is 0 + -1022002022021122?
-1022002022021122
In base 10, what is -10930277 - 10?
-10930287
In base 10, what is 41 + 7698585?
7698626
In base 5, what is -133 - -23133231?
23133043
In base 11, what is 8a + 3621?
3700
In base 16, what is -1 - 28bebce?
-28bebcf
In base 2, what is 111011000011 - 10010111101101100?
-10010000010101001
In base 10, what is 137669 - 5?
137664
In base 14, what is 5 + -77bc5?
-77bc0
In base 3, what is 21010 + -112020220?
-111222210
In base 4, what is -2022213113 + 121?
-2022212332
In base 13, what is -6 + 2c73164?
2c7315b
In base 6, what is 12242 - -413?
13055
In base 4, what is 1020212 + -13330133?
-12303321
In base 7, what is -1642 + -3401063?
-3403035
In base 15, what is -b - -27be3b?
27be30
In base 16, what is 3b2167 + 0?
3b2167
In base 4, what is -1310030013003 + 313?
-1310030012030
In base 4, what is 0 + 1331102222?
1331102222
In base 6, what is -2530341 - 12103?
-2542444
In base 6, what is 10432111 + 5?
10432120
In base 2, what is 10110100100111 - 111110010010?
1110110010101
In base 9, what is 12660 + -1014?
11645
In base 15, what is -5 + 7a7b1?
7a7ab
In base 13, what is -398744b4 - 3?
-398744b7
In base 8, what is -1433060 + 3?
-1433055
In base 8, what is 3 + -5324777?
-5324774
In base 4, what is -1021213132 - 31?
-1021213223
In base 9, what is 1363532 + 2?
1363534
In base 16, what is -1ac610 - 40?
-1ac650
In base 10, what is 23 + -298934?
-298911
In base 15, what is 36238 + 104?
3633c
In base 12, what is -145297 - 118?
-1453b3
In base 5, what is -240 + 14111221?
14110431
In base 2, what is 10100 + 101111111010011011?
101111111010101111
In base 6, what is 12155 + 55100?
111255
In base 8, what is -32054107 - 2?
-32054111
In base 3, what is -110202211 + 21111000?
-12021211
In base 9, what is 461 + 1231671?
1232242
In base 4, what is -21031313000 - -2?
-21031312332
In base 13, what is 1 - 79a525a?
-79a5259
In base 15, what is 2912 + -704?
220d
In base 12, what is -15808 + -1a7?
-159b3
In base 10, what is -10 - -17465?
17455
In base 9, what is 108360 - 156?
108203
In base 14, what is d2d + -c4423?
-c34d4
In base 10, what is 5 + -44109287?
-44109282
In base 3, what is -12102112022012112 - -12?
-12102112022012100
In base 15, what is -2d2cdb + -2?
-2d2cdd
In base 2, what is -10 + 1001111000011001010101110?
1001111000011001010101100
In base 13, what is 340 - -3b690?
3ba00
In base 10, what is 306 + 39203?
39509
In base 10, what is 8518 + 913?
9431
In base 5, what is -443141 - 202414?
-1201110
In base 12, what is -a0397b2 + -16?
-a039808
In base 9, what is 11 + -2727576?
-2727565
In base 6, what is -251223101 - 14?
-251223115
In base 16, what is -4 - -1795f5b?
1795f57
In base 13, what is -3255 - -2a?
-3228
In base 3, what is -110101002120112 + 2?
-110101002120110
In base 9, what is 4 + -30573730?
-30573725
In base 6, what is -215 - -2110350?
2110131
In base 7, what is 21 - -1032663213?
1032663234
In base 12, what is -13587706 - -1?
-13587705
In base 4, what is -3132011 + -22022?
-3220033
In base 10, what is 644454 + -49?
644405
In base 11, what is -4931862 + 4?
-4931859
In base 15, what is -6b30 - 21b?
-6d4b
In base 3, what is 11 + 201001220002211?
201001220002222
In base 6, what is -252325314 - 0?
-252325314
In base 2, what is 10101101101001001100011 - -1?
10101101101001001100100
In base 5, what is -41212220 - -333?
-41211332
In base 13, what is 13149012 + 3?
13149015
In base 2, what is 10001 - 1000100010110101?
-1000100010100100
In base 4, what is 131021 - -121232211?
122023232
In base 4, what is 210101030001 + 2?
210101030003
In base 5, what is 3024014 + 4013?
3033032
In base 13, what is -3cb034 - 7?
-3cb03b
In base 6, what is 5553 - 13313345?
-13303352
In base 15, what is -148b078 + -a?
-148b083
In base 6, what is -13324532021 